{"id":2548,"date":"2023-09-21T13:31:26","date_gmt":"2023-09-21T12:31:26","guid":{"rendered":"https:\/\/optikapolgar.hu\/?post_type=akcio&#038;p=2548"},"modified":"2025-02-04T10:59:54","modified_gmt":"2025-02-04T09:59:54","slug":"oktober-az-eleslatas-honapja","status":"publish","type":"akcio","link":"https:\/\/optikapolgar.hu\/en\/akcio\/oktober-az-eleslatas-honapja\/","title":{"rendered":"Okt\u00f3ber az \u00e9lesl\u00e1t\u00e1s h\u00f3napja!"},"content":{"rendered":"","protected":false},"template":"","class_list":["post-2548","akcio","type-akcio","status-publish","hentry"],"yoast_head":"<!-- This site is optimized with the Yoast SEO Premium plugin v27.2 (Yoast SEO v27.3) - https:\/\/yoast.com\/product\/yoast-seo-premium-wordpress\/ -->\n<title>Okt\u00f3ber az \u00e9lesl\u00e1t\u00e1s h\u00f3napja! - Polg\u00e1r Optika - L\u00e1t\u00e1sgondoz\u00e1s Szalon<\/title>\n<meta name=\"description\" content=\"Okt\u00f3berben, a l\u00e1t\u00e1s h\u00f3napja keretein bel\u00fcl kimagasl\u00f3 kedvezm\u00e9nyekkel v\u00e1runk T\u00e9ged!Legyen sz\u00f3 szem\u00e9lyre szabott szem\u00fcveglencs\u00e9r\u0151l, vagy ak\u00e1r egyszer\u0171bb v\u00e1ltozatr\u00f3l, 30-50 % kedvezm\u00e9nnyel tudod megv\u00e1s\u00e1rolni a hozz\u00e1d ill\u0151 legjobb megold\u00e1st!S\u0151t!Furla \u00e9s Etnia Barcelona kereteinkb\u0151l okt\u00f3berben 20 % kedvezm\u00e9nyt biztos\u00edtunk!Tov\u00e1bb\u00e1 amennyiben megrendeled a szem\u00fcveged, a teljes k\u00f6r\u0171 vizsg\u00e1latot d\u00edjmentesen biztos\u00edtjuk sz\u00e1modra!V\u00e1rjuk jelentkez\u00e9sedet!\" \/>\n<meta name=\"robots\" content=\"index, follow, max-snippet:-1, max-image-preview:large, max-video-preview:-1\" \/>\n<link rel=\"canonical\" href=\"https:\/\/optikapolgar.hu\/en\/offers\/oktober-az-eleslatas-honapja\/\" \/>\n<meta property=\"og:locale\" content=\"en_GB\" \/>\n<meta property=\"og:type\" content=\"article\" \/>\n<meta property=\"og:title\" content=\"Okt\u00f3ber az \u00e9lesl\u00e1t\u00e1s h\u00f3napja!\" \/>\n<meta property=\"og:description\" content=\"Okt\u00f3berben, a l\u00e1t\u00e1s h\u00f3napja keretein bel\u00fcl kimagasl\u00f3 kedvezm\u00e9nyekkel v\u00e1runk T\u00e9ged!Legyen sz\u00f3 szem\u00e9lyre szabott szem\u00fcveglencs\u00e9r\u0151l, vagy ak\u00e1r egyszer\u0171bb v\u00e1ltozatr\u00f3l, 30-50 % kedvezm\u00e9nnyel tudod megv\u00e1s\u00e1rolni a hozz\u00e1d ill\u0151 legjobb megold\u00e1st!S\u0151t!Furla \u00e9s Etnia Barcelona kereteinkb\u0151l okt\u00f3berben 20 % kedvezm\u00e9nyt biztos\u00edtunk!Tov\u00e1bb\u00e1 amennyiben megrendeled a szem\u00fcveged, a teljes k\u00f6r\u0171 vizsg\u00e1latot d\u00edjmentesen biztos\u00edtjuk sz\u00e1modra!V\u00e1rjuk jelentkez\u00e9sedet!\" \/>\n<meta property=\"og:url\" content=\"https:\/\/optikapolgar.hu\/en\/offers\/oktober-az-eleslatas-honapja\/\" \/>\n<meta property=\"og:site_name\" content=\"Polg\u00e1r Optika - L\u00e1t\u00e1sgondoz\u00e1s Szalon\" \/>\n<meta property=\"article:publisher\" content=\"https:\/\/www.facebook.com\/polgaroptika\" \/>\n<meta property=\"article:modified_time\" content=\"2025-02-04T09:59:54+00:00\" \/>\n<meta name=\"twitter:card\" content=\"summary_large_image\" \/>\n<script type=\"application\/ld+json\" class=\"yoast-schema-graph\">{\"@context\":\"https:\\\/\\\/schema.org\",\"@graph\":[{\"@type\":\"WebPage\",\"@id\":\"https:\\\/\\\/optikapolgar.hu\\\/akcio\\\/oktober-az-eleslatas-honapja\\\/\",\"url\":\"https:\\\/\\\/optikapolgar.hu\\\/akcio\\\/oktober-az-eleslatas-honapja\\\/\",\"name\":\"Okt\u00f3ber az \u00e9lesl\u00e1t\u00e1s h\u00f3napja! - Polg\u00e1r Optika - L\u00e1t\u00e1sgondoz\u00e1s Szalon\",\"isPartOf\":{\"@id\":\"https:\\\/\\\/optikapolgar.hu\\\/#website\"},\"datePublished\":\"2023-09-21T12:31:26+00:00\",\"dateModified\":\"2025-02-04T09:59:54+00:00\",\"description\":\"Okt\u00f3berben, a l\u00e1t\u00e1s h\u00f3napja keretein bel\u00fcl kimagasl\u00f3 kedvezm\u00e9nyekkel v\u00e1runk T\u00e9ged!Legyen sz\u00f3 szem\u00e9lyre szabott szem\u00fcveglencs\u00e9r\u0151l, vagy ak\u00e1r egyszer\u0171bb v\u00e1ltozatr\u00f3l, 30-50 % kedvezm\u00e9nnyel tudod megv\u00e1s\u00e1rolni a hozz\u00e1d ill\u0151 legjobb megold\u00e1st!S\u0151t!Furla \u00e9s Etnia Barcelona kereteinkb\u0151l okt\u00f3berben 20 % kedvezm\u00e9nyt biztos\u00edtunk!Tov\u00e1bb\u00e1 amennyiben megrendeled a szem\u00fcveged, a teljes k\u00f6r\u0171 vizsg\u00e1latot d\u00edjmentesen biztos\u00edtjuk sz\u00e1modra!V\u00e1rjuk jelentkez\u00e9sedet!\",\"breadcrumb\":{\"@id\":\"https:\\\/\\\/optikapolgar.hu\\\/akcio\\\/oktober-az-eleslatas-honapja\\\/#breadcrumb\"},\"inLanguage\":\"en-GB\",\"potentialAction\":[{\"@type\":\"ReadAction\",\"target\":[\"https:\\\/\\\/optikapolgar.hu\\\/akcio\\\/oktober-az-eleslatas-honapja\\\/\"]}]},{\"@type\":\"BreadcrumbList\",\"@id\":\"https:\\\/\\\/optikapolgar.hu\\\/akcio\\\/oktober-az-eleslatas-honapja\\\/#breadcrumb\",\"itemListElement\":[{\"@type\":\"ListItem\",\"position\":1,\"name\":\"Home\",\"item\":\"https:\\\/\\\/optikapolgar.hu\\\/\"},{\"@type\":\"ListItem\",\"position\":2,\"name\":\"Akci\u00f3\",\"item\":\"https:\\\/\\\/optikapolgar.hu\\\/akcio\\\/\"},{\"@type\":\"ListItem\",\"position\":3,\"name\":\"Okt\u00f3ber az \u00e9lesl\u00e1t\u00e1s h\u00f3napja!\"}]},{\"@type\":\"WebSite\",\"@id\":\"https:\\\/\\\/optikapolgar.hu\\\/#website\",\"url\":\"https:\\\/\\\/optikapolgar.hu\\\/\",\"name\":\"Polg\u00e1r Optika - L\u00e1t\u00e1sgondoz\u00e1s Szalon\",\"description\":\"Polg\u00e1r Optika\",\"publisher\":{\"@id\":\"https:\\\/\\\/optikapolgar.hu\\\/#organization\"},\"potentialAction\":[{\"@type\":\"SearchAction\",\"target\":{\"@type\":\"EntryPoint\",\"urlTemplate\":\"https:\\\/\\\/optikapolgar.hu\\\/?s={search_term_string}\"},\"query-input\":{\"@type\":\"PropertyValueSpecification\",\"valueRequired\":true,\"valueName\":\"search_term_string\"}}],\"inLanguage\":\"en-GB\"},{\"@type\":\"Organization\",\"@id\":\"https:\\\/\\\/optikapolgar.hu\\\/#organization\",\"name\":\"Polg\u00e1r Optika - L\u00e1t\u00e1sgondoz\u00e1s Szalon\",\"url\":\"https:\\\/\\\/optikapolgar.hu\\\/\",\"logo\":{\"@type\":\"ImageObject\",\"inLanguage\":\"en-GB\",\"@id\":\"https:\\\/\\\/optikapolgar.hu\\\/#\\\/schema\\\/logo\\\/image\\\/\",\"url\":\"https:\\\/\\\/optikapolgar.hu\\\/wp-content\\\/uploads\\\/2022\\\/06\\\/PolgarOptika_logo_arany.svg\",\"contentUrl\":\"https:\\\/\\\/optikapolgar.hu\\\/wp-content\\\/uploads\\\/2022\\\/06\\\/PolgarOptika_logo_arany.svg\",\"width\":206,\"height\":208,\"caption\":\"Polg\u00e1r Optika - L\u00e1t\u00e1sgondoz\u00e1s Szalon\"},\"image\":{\"@id\":\"https:\\\/\\\/optikapolgar.hu\\\/#\\\/schema\\\/logo\\\/image\\\/\"},\"sameAs\":[\"https:\\\/\\\/www.facebook.com\\\/polgaroptika\",\"https:\\\/\\\/instagram.com\\\/polgar_optika?igshid=YmMyMTA2M2Y=\"]}]}<\/script>\n<!-- \/ Yoast SEO Premium plugin. -->","yoast_head_json":{"title":"Okt\u00f3ber az \u00e9lesl\u00e1t\u00e1s h\u00f3napja! - Polg\u00e1r Optika - L\u00e1t\u00e1sgondoz\u00e1s Szalon","description":"Okt\u00f3berben, a l\u00e1t\u00e1s h\u00f3napja keretein bel\u00fcl kimagasl\u00f3 kedvezm\u00e9nyekkel v\u00e1runk T\u00e9ged!Legyen sz\u00f3 szem\u00e9lyre szabott szem\u00fcveglencs\u00e9r\u0151l, vagy ak\u00e1r egyszer\u0171bb v\u00e1ltozatr\u00f3l, 30-50 % kedvezm\u00e9nnyel tudod megv\u00e1s\u00e1rolni a hozz\u00e1d ill\u0151 legjobb megold\u00e1st!S\u0151t!Furla \u00e9s Etnia Barcelona kereteinkb\u0151l okt\u00f3berben 20 % kedvezm\u00e9nyt biztos\u00edtunk!Tov\u00e1bb\u00e1 amennyiben megrendeled a szem\u00fcveged, a teljes k\u00f6r\u0171 vizsg\u00e1latot d\u00edjmentesen biztos\u00edtjuk sz\u00e1modra!V\u00e1rjuk jelentkez\u00e9sedet!","robots":{"index":"index","follow":"follow","max-snippet":"max-snippet:-1","max-image-preview":"max-image-preview:large","max-video-preview":"max-video-preview:-1"},"canonical":"https:\/\/optikapolgar.hu\/en\/offers\/oktober-az-eleslatas-honapja\/","og_locale":"en_GB","og_type":"article","og_title":"Okt\u00f3ber az \u00e9lesl\u00e1t\u00e1s h\u00f3napja!","og_description":"Okt\u00f3berben, a l\u00e1t\u00e1s h\u00f3napja keretein bel\u00fcl kimagasl\u00f3 kedvezm\u00e9nyekkel v\u00e1runk T\u00e9ged!Legyen sz\u00f3 szem\u00e9lyre szabott szem\u00fcveglencs\u00e9r\u0151l, vagy ak\u00e1r egyszer\u0171bb v\u00e1ltozatr\u00f3l, 30-50 % kedvezm\u00e9nnyel tudod megv\u00e1s\u00e1rolni a hozz\u00e1d ill\u0151 legjobb megold\u00e1st!S\u0151t!Furla \u00e9s Etnia Barcelona kereteinkb\u0151l okt\u00f3berben 20 % kedvezm\u00e9nyt biztos\u00edtunk!Tov\u00e1bb\u00e1 amennyiben megrendeled a szem\u00fcveged, a teljes k\u00f6r\u0171 vizsg\u00e1latot d\u00edjmentesen biztos\u00edtjuk sz\u00e1modra!V\u00e1rjuk jelentkez\u00e9sedet!","og_url":"https:\/\/optikapolgar.hu\/en\/offers\/oktober-az-eleslatas-honapja\/","og_site_name":"Polg\u00e1r Optika - L\u00e1t\u00e1sgondoz\u00e1s Szalon","article_publisher":"https:\/\/www.facebook.com\/polgaroptika","article_modified_time":"2025-02-04T09:59:54+00:00","twitter_card":"summary_large_image","schema":{"@context":"https:\/\/schema.org","@graph":[{"@type":"WebPage","@id":"https:\/\/optikapolgar.hu\/akcio\/oktober-az-eleslatas-honapja\/","url":"https:\/\/optikapolgar.hu\/akcio\/oktober-az-eleslatas-honapja\/","name":"Okt\u00f3ber az \u00e9lesl\u00e1t\u00e1s h\u00f3napja! - Polg\u00e1r Optika - L\u00e1t\u00e1sgondoz\u00e1s Szalon","isPartOf":{"@id":"https:\/\/optikapolgar.hu\/#website"},"datePublished":"2023-09-21T12:31:26+00:00","dateModified":"2025-02-04T09:59:54+00:00","description":"Okt\u00f3berben, a l\u00e1t\u00e1s h\u00f3napja keretein bel\u00fcl kimagasl\u00f3 kedvezm\u00e9nyekkel v\u00e1runk T\u00e9ged!Legyen sz\u00f3 szem\u00e9lyre szabott szem\u00fcveglencs\u00e9r\u0151l, vagy ak\u00e1r egyszer\u0171bb v\u00e1ltozatr\u00f3l, 30-50 % kedvezm\u00e9nnyel tudod megv\u00e1s\u00e1rolni a hozz\u00e1d ill\u0151 legjobb megold\u00e1st!S\u0151t!Furla \u00e9s Etnia Barcelona kereteinkb\u0151l okt\u00f3berben 20 % kedvezm\u00e9nyt biztos\u00edtunk!Tov\u00e1bb\u00e1 amennyiben megrendeled a szem\u00fcveged, a teljes k\u00f6r\u0171 vizsg\u00e1latot d\u00edjmentesen biztos\u00edtjuk sz\u00e1modra!V\u00e1rjuk jelentkez\u00e9sedet!","breadcrumb":{"@id":"https:\/\/optikapolgar.hu\/akcio\/oktober-az-eleslatas-honapja\/#breadcrumb"},"inLanguage":"en-GB","potentialAction":[{"@type":"ReadAction","target":["https:\/\/optikapolgar.hu\/akcio\/oktober-az-eleslatas-honapja\/"]}]},{"@type":"BreadcrumbList","@id":"https:\/\/optikapolgar.hu\/akcio\/oktober-az-eleslatas-honapja\/#breadcrumb","itemListElement":[{"@type":"ListItem","position":1,"name":"Home","item":"https:\/\/optikapolgar.hu\/"},{"@type":"ListItem","position":2,"name":"Akci\u00f3","item":"https:\/\/optikapolgar.hu\/akcio\/"},{"@type":"ListItem","position":3,"name":"Okt\u00f3ber az \u00e9lesl\u00e1t\u00e1s h\u00f3napja!"}]},{"@type":"WebSite","@id":"https:\/\/optikapolgar.hu\/#website","url":"https:\/\/optikapolgar.hu\/","name":"Polg\u00e1r Optika - L\u00e1t\u00e1sgondoz\u00e1s Szalon","description":"Polgar Optics","publisher":{"@id":"https:\/\/optikapolgar.hu\/#organization"},"potentialAction":[{"@type":"SearchAction","target":{"@type":"EntryPoint","urlTemplate":"https:\/\/optikapolgar.hu\/?s={search_term_string}"},"query-input":{"@type":"PropertyValueSpecification","valueRequired":true,"valueName":"search_term_string"}}],"inLanguage":"en-GB"},{"@type":"Organization","@id":"https:\/\/optikapolgar.hu\/#organization","name":"Polg\u00e1r Optika - L\u00e1t\u00e1sgondoz\u00e1s Szalon","url":"https:\/\/optikapolgar.hu\/","logo":{"@type":"ImageObject","inLanguage":"en-GB","@id":"https:\/\/optikapolgar.hu\/#\/schema\/logo\/image\/","url":"https:\/\/optikapolgar.hu\/wp-content\/uploads\/2022\/06\/PolgarOptika_logo_arany.svg","contentUrl":"https:\/\/optikapolgar.hu\/wp-content\/uploads\/2022\/06\/PolgarOptika_logo_arany.svg","width":206,"height":208,"caption":"Polg\u00e1r Optika - L\u00e1t\u00e1sgondoz\u00e1s Szalon"},"image":{"@id":"https:\/\/optikapolgar.hu\/#\/schema\/logo\/image\/"},"sameAs":["https:\/\/www.facebook.com\/polgaroptika","https:\/\/instagram.com\/polgar_optika?igshid=YmMyMTA2M2Y="]}]}},"_links":{"self":[{"href":"https:\/\/optikapolgar.hu\/en\/wp-json\/wp\/v2\/akcio\/2548","targetHints":{"allow":["GET"]}}],"collection":[{"href":"https:\/\/optikapolgar.hu\/en\/wp-json\/wp\/v2\/akcio"}],"about":[{"href":"https:\/\/optikapolgar.hu\/en\/wp-json\/wp\/v2\/types\/akcio"}],"wp:attachment":[{"href":"https:\/\/optikapolgar.hu\/en\/wp-json\/wp\/v2\/media?parent=2548"}],"curies":[{"name":"wp","href":"https:\/\/api.w.org\/{rel}","templated":true}]}}

Október az éleslátás hónapja!

<!-- This site is optimized with the Yoast SEO Premium plugin v27.2 (Yoast SEO v27.3) - https://yoast.com/product/yoast-seo-premium-wordpress/ -->
<title>Október az éleslátás hónapja! - Polgár Optika - Látásgondozás Szalon</title>
<meta name="description" content="Októberben, a látás hónapja keretein belül kimagasló kedvezményekkel várunk Téged!Legyen szó személyre szabott szemüveglencséről, vagy akár egyszerűbb változatról, 30-50 % kedvezménnyel tudod megvásárolni a hozzád illő legjobb megoldást!Sőt!Furla és Etnia Barcelona kereteinkből októberben 20 % kedvezményt biztosítunk!Továbbá amennyiben megrendeled a szemüveged, a teljes körű vizsgálatot díjmentesen biztosítjuk számodra!Várjuk jelentkezésedet!" />
<meta name="robots" content="index, follow, max-snippet:-1, max-image-preview:large, max-video-preview:-1" />
<link rel="canonical" href="https://optikapolgar.hu/en/offers/oktober-az-eleslatas-honapja/" />
<meta property="og:locale" content="en_GB" />
<meta property="og:type" content="article" />
<meta property="og:title" content="Október az éleslátás hónapja!" />
<meta property="og:description" content="Októberben, a látás hónapja keretein belül kimagasló kedvezményekkel várunk Téged!Legyen szó személyre szabott szemüveglencséről, vagy akár egyszerűbb változatról, 30-50 % kedvezménnyel tudod megvásárolni a hozzád illő legjobb megoldást!Sőt!Furla és Etnia Barcelona kereteinkből októberben 20 % kedvezményt biztosítunk!Továbbá amennyiben megrendeled a szemüveged, a teljes körű vizsgálatot díjmentesen biztosítjuk számodra!Várjuk jelentkezésedet!" />
<meta property="og:url" content="https://optikapolgar.hu/en/offers/oktober-az-eleslatas-honapja/" />
<meta property="og:site_name" content="Polgár Optika - Látásgondozás Szalon" />
<meta property="article:publisher" content="https://www.facebook.com/polgaroptika" />
<meta property="article:modified_time" content="2025-02-04T09:59:54+00:00" />
<meta name="twitter:card" content="summary_large_image" />
<script type="application/ld+json" class="yoast-schema-graph">{"@context":"https:\/\/schema.org","@graph":[{"@type":"WebPage","@id":"https:\/\/optikapolgar.hu\/akcio\/oktober-az-eleslatas-honapja\/","url":"https:\/\/optikapolgar.hu\/akcio\/oktober-az-eleslatas-honapja\/","name":"Október az éleslátás hónapja! - Polgár Optika - Látásgondozás Szalon","isPartOf":{"@id":"https:\/\/optikapolgar.hu\/#website"},"datePublished":"2023-09-21T12:31:26+00:00","dateModified":"2025-02-04T09:59:54+00:00","description":"Októberben, a látás hónapja keretein belül kimagasló kedvezményekkel várunk Téged!Legyen szó személyre szabott szemüveglencséről, vagy akár egyszerűbb változatról, 30-50 % kedvezménnyel tudod megvásárolni a hozzád illő legjobb megoldást!Sőt!Furla és Etnia Barcelona kereteinkből októberben 20 % kedvezményt biztosítunk!Továbbá amennyiben megrendeled a szemüveged, a teljes körű vizsgálatot díjmentesen biztosítjuk számodra!Várjuk jelentkezésedet!","breadcrumb":{"@id":"https:\/\/optikapolgar.hu\/akcio\/oktober-az-eleslatas-honapja\/#breadcrumb"},"inLanguage":"en-GB","potentialAction":[{"@type":"ReadAction","target":["https:\/\/optikapolgar.hu\/akcio\/oktober-az-eleslatas-honapja\/"]}]},{"@type":"BreadcrumbList","@id":"https:\/\/optikapolgar.hu\/akcio\/oktober-az-eleslatas-honapja\/#breadcrumb","itemListElement":[{"@type":"ListItem","position":1,"name":"Home","item":"https:\/\/optikapolgar.hu\/"},{"@type":"ListItem","position":2,"name":"Akció","item":"https:\/\/optikapolgar.hu\/akcio\/"},{"@type":"ListItem","position":3,"name":"Október az éleslátás hónapja!"}]},{"@type":"WebSite","@id":"https:\/\/optikapolgar.hu\/#website","url":"https:\/\/optikapolgar.hu\/","name":"Polgár Optika - Látásgondozás Szalon","description":"Polgár Optika","publisher":{"@id":"https:\/\/optikapolgar.hu\/#organization"},"potentialAction":[{"@type":"SearchAction","target":{"@type":"EntryPoint","urlTemplate":"https:\/\/optikapolgar.hu\/?s={search_term_string}"},"query-input":{"@type":"PropertyValueSpecification","valueRequired":true,"valueName":"search_term_string"}}],"inLanguage":"en-GB"},{"@type":"Organization","@id":"https:\/\/optikapolgar.hu\/#organization","name":"Polgár Optika - Látásgondozás Szalon","url":"https:\/\/optikapolgar.hu\/","logo":{"@type":"ImageObject","inLanguage":"en-GB","@id":"https:\/\/optikapolgar.hu\/#\/schema\/logo\/image\/","url":"https:\/\/optikapolgar.hu\/wp-content\/uploads\/2022\/06\/PolgarOptika_logo_arany.svg","contentUrl":"https:\/\/optikapolgar.hu\/wp-content\/uploads\/2022\/06\/PolgarOptika_logo_arany.svg","width":206,"height":208,"caption":"Polgár Optika - Látásgondozás Szalon"},"image":{"@id":"https:\/\/optikapolgar.hu\/#\/schema\/logo\/image\/"},"sameAs":["https:\/\/www.facebook.com\/polgaroptika","https:\/\/instagram.com\/polgar_optika?igshid=YmMyMTA2M2Y="]}]}</script>
<!-- / Yoast SEO Premium plugin. -->

Október az éleslátás hónapja! - Polgár Optika - Látásgondozás Szalon

Októberben, a látás hónapja keretein belül kimagasló kedvezményekkel várunk Téged!Legyen szó személyre szabott szemüveglencséről, vagy akár egyszerűbb változatról, 30-50 % kedvezménnyel tudod megvásárolni a hozzád illő legjobb megoldást!Sőt!Furla és Etnia Barcelona kereteinkből októberben 20 % kedvezményt biztosítunk!Továbbá amennyiben megrendeled a szemüveged, a teljes körű vizsgálatot díjmentesen biztosítjuk számodra!Várjuk jelentkezésedet!

Polgár Optika - Látásgondozás Szalon

Akció
